 Is a composite?
True
Suppose 0 = -10*l + 18*l - 48. Is (2/l)/((-25)/(-559725)) composite?
True
Suppose -4*b + 4*h + 14 = 2*h, -5*h - 19 = -2*b. Let d be 38/(5/(-1020)*b). Let x = d + 7303. Is x a prime number?
False
Is (4652070/30)/(8 + -7) prime?
True
Suppose 5*d - 2*o + 10 = -17, 4*o - 4 = 0. Let n be 2*1113*(7 + d). Suppose -2*k - 3*k - 2977 = -2*t, 3*k + n = 3*t. Is t prime?
True
Suppose 30 = 11*n + 4*n. Suppose t = 3*l - 192649, 12*l - 192647 = 9*l + n*t. Is l composite?
False
Let g = 567 - 145. Suppose 9*s - g = 7*s. Is s a prime number?
True
Let f(h) = 51*h**3 - 10*h**2 - 23*h + 37. Is f(14) a composite number?
False
Suppose -4*o + 2*j + 46376 + 31092 = 0, -3*j - 58095 = -3*o. Is o prime?
False
Let d = 246015 - -158156. Is d prime?
False
Suppose -17 = x + 4*m - 37, -5*x + 52 = 4*m. Suppose x*k - 233 = 1071. Is k composite?
False
Let v(a) = 17159*a**3 - 2*a**2 - 4*a + 5. Is v(2) a composite number?
True
Let q be (59 + -53)*(4/(-6))/(-1). Let x(c) = 143*c**3 + c**2 + 3*c - 29. Is x(q) a composite number?
False
Let q(o) be the second derivative of -35*o**4/12 + o**3/2 + 5*o**2/2 + 27*o. Let z be q(-2). Let j = -88 - z. Is j prime?
True
Suppose 0*s - 33*s = 0. Suppose s = -8*h + 95053 - 25173. Is h a composite number?
True
Let w(z) = -2*z**3 - z**2 - 2*z + 2. Let c be w(1). Let s be (1 + c*1)/(9/(-216)). Is s/1 - 3/3 a composite number?
False
Let j = 12 + -11. Let g be -1 + 175/20 - j/(-4). Let y(z) = 17*z**2 + 2*z - 3. Is y(g) composite?
True
Is ((-12)/(-8) - 1)*123361*(-348)/(-42) prime?
False
Suppose -z - 1177207 = -2*a, -6*a + 3*z = -3*a - 1765806. Is a a prime number?
False
Let g be 6/27 - 2740/18. Let b = 103 - -286. Let p = b - g. Is p a prime number?
True
Let a = 9 - 0. Let t = -71 + a. Let c = -15 - t. Is c prime?
True
Let s = -9838 + 9840. Suppose 5*z = 5*n - 1970 + 315, -654 = 2*z + 2*n. Let c = s - z. Is c prime?
True
Let u = -8514 - -53243. Is u prime?
True
Let s(z) = -2585*z - 1198. Is s(-43) prime?
False
Suppose -218*z + 37776 = -216*z. Suppose -3*d - 5*v + 15421 = 0, 5*d + 3*v - 6835 = z. Is d a composite number?
False
Suppose -11*d - 3*h + 3316103 = -5*h, 0 = d + 4*h - 301443. Is d composite?
False
Suppose 22*l - 175245 = 4*l + 3*l. Is l a prime number?
False
Is (-421802 - 0)*((-48)/144)/((-2)/(-3)) composite?
False
Let d = -5848 + 10045. Suppose -105*o + 102*o + d = 0. Is o composite?
False
Is 2224/139 - (-509419 + -2) a composite number?
True
Suppose -6*s + 50 + 1450 = 0. Suppose -2*c - 7 = -43. Is -4 - (s*c)/(-4) a composite number?
True
Let u = 2038583 - 938820. Is u a composite number?
True
Suppose 4*n + 224 + 244 = -u, -2*u - n = 901. Let p = u + 3690. Is p prime?
False
Suppose 3*d + 2*t = 30995, -14257 = -3*d - t + 16743. Suppose -j = -3*j - k + d, k + 15500 = 3*j. Is j a composite number?
False
Let h(z) = 168*z**2 + 5*z - 90*z**2 + 67 - 72*z**2. Is h(-16) a composite number?
False
Let p be -1*(-2 + 1) - -12. Let l be (-2)/(-1) - (7 - p). Is (299/2)/((-6 + l)/4) prime?
False
Suppose -3*g - 2*q + 3606443 = 0, -31*g + 1202149 = -30*g + 2*q. Is g prime?
True
Let i(t) = -5*t**2 - 4*t**2 + 10*t**2 + 7*t - 3 - 2*t**2. Let a be i(7). Is (-19507)/a + (-16)/(-24) composite?
True
Let h be (-2 + 312/(-18))/((-4)/6). Suppose x - h = -18. Suppose 6*j - x*j = -7555. Is j a prime number?
True
Let h = 221857 - 155204. Is h a prime number?
True
Let a be ((-288)/(-64))/(-1 + 7/6). Suppose 0 = -y + 1, 23*u + 4*y + 29008 = a*u. Is u a prime number?
True
Suppose 0 = -3*m + 6*m + 3*o - 1659, o = -4*m + 2200. Is m*9 - (15 + -11) a composite number?
False
Let t = 213 - -36044. Suppose 19*b - t - 71340 = 0. Is b a composite number?
True
Let r(k) = -k**2 + 11*k + 13. Let p(j) = -j**2 + j + 1. Let v(a) = 2*p(a) - r(a). Let w be v(-6). Suppose -w*z + 1266 = -z. Is z a prime number?
True
Suppose -6*z - 404 = -422. Suppose -2726 - 1465 = -z*p. Is p prime?
False
Let w(l) = 45*l**2 + l - 17. Let g(i) = i**2 + 6*i + 3. Let h be 3*(3 + -4 + 0). Let n be g(h). Is w(n) prime?
True
Let o(s) = 1693*s**2 - 61*s + 827. Is o(14) a prime number?
True
Let x(a) = -9165*a - 733. Is x(-8) prime?
False
Let q(t) = t**2 + t + 1. Let n(g) = 17*g**2 + 16*g - 13. Let k(o) = n(o) - 6*q(o). Is k(-15) a prime number?
False
Is (20/60)/(4/75948) prime?
True
Is (-6 + 3)*(-580998)/18 a prime number?
False
Let s = -7 - 14. Let a = -16 - s. Suppose 0 = a*k - 4*g - 805 - 230, 0 = 5*k + 5*g - 1080. Is k prime?
True
Suppose -19*q = 3 + 16. Is q*((-24)/6 - 1927) a prime number?
True
Suppose k - 4*t - 133 = 79, -3*k + 686 = -2*t. Suppose -n - 103 = -0*n - 5*s, -n = 3*s + 71. Let w = k + n. Is w a composite number?
False
Let h = 78180 + -44723. Is h prime?
True
Suppose -5*x = -v - 15, 2*v - 5*v = 5*x + 5. Suppose k = 2*b + x*b - 8815, 5*b + 5*k = 11000. Is b prime?
True
Let l = 107007 + -5810. Is l composite?
False
Suppose -63*y + 2416218 = -57*y. Is y composite?
True
Let b = -1893 - -21554. Is b prime?
True
Suppose 5*x - 137*x = -12937188. Is x composite?
False
Let a = -40507 - -349620. Is a composite?
True
Let k = -30 + 14. Let q be (136/k)/(2/652). Let j = q + 4020. Is j prime?
True
Let y be -1 + (-1)/(4/268). Let p = y + 49. Let f = 240 + p. Is f composite?
True
Let r(b) be the third derivative of -b**5/60 + 5*b**4/24 - 2*b**2. Let l be r(4). Is 3 - (l + -132 - 0) prime?
True
Suppose -4 = t, 0 = d + 4*t - 3*t - 4. Is 4 - 166537/(-28) - 6/d composite?
True
Suppose 6*h + 528847 = -89*h + 17246852. Is h a prime number?
True
Suppose -c - 5*r + 18 = -30, -c = 2*r - 57. Suppose -755 = 2*t - c. Let y = t - -609. Is y a composite number?
False
Suppose 222 = -6*d + 287478. Is (5 - 1)*(-8)/(-128)*d prime?
True
Suppose 845437 = 36*r + 65425. Is r a prime number?
False
Suppose 17*p = -3038997 + 9257818. Is p a prime number?
False
Suppose 0 = 4*z - 119 - 5433. Suppose -3*b - 2*d + 14 = 0, 5*b + 5*d + 5 = 20. Suppose 4740 = b*t + z. Is t a prime number?
True
Let n(g) = 966*g - 1027. Is n(34) a prime number?
True
Let y(a) = 4*a**3 - 4*a**2 - 15*a + 9. Let c(s) = -5*s**3 + 16*s + 4 + 0*s**2 + 3*s**2 - 13. Let x(i) = 5*c(i) + 6*y(i). Is x(-8) composite?
True
Suppose 75*u = 78*u - 3*b - 613962, 3*b + 3 = 0. Is u a prime number?
False
Let m be (1936/3)/11 + (-8)/(-6). Suppose 11*b - m = -4*b. Is (10662/b)/((-24)/(-16)) composite?
False
Suppose -f + 174 = 2*g, 19*g - 18*g - 174 = -f. Suppose 3*v = -12, y = -2*y - v + 8. Suppose y*j - 553 = -3*x + f, 900 = 5*j + 2*x. Is j composite?
True
Let g = -23 - 22. Let w be (-13 - -3)/(1/g). Let v = w + -249. Is v composite?
True
Let j(q) = 4*q - 1. Let o be j(1). Suppose -2*d - n + 2305 = 0, o*d - 2*d - 3*n = 1142. Is d composite?
False
Suppose -2*j = 2*t + 966, 0 = -5*j - 4*t + 149 - 2571. Let b = -3 + 4. Is 17/(j/(-485) - b) a composite number?
True
Suppose 2*r = t + 4*r + 273, 3*t + 2*r = -831. Let d = t - -2600. Is d prime?
False
Let i be -4*(3 - (-2 - -4))*5. Let x = 25 + i. Suppose -x*l + 275 = -440. Is l a composite number?
True
Let x = 62599 - -128212. Is x prime?
True
Is 2*(48217/26 + 0) a prime number?
True
Let s(j) = -j**3 - 72*j**2 - 66*j + 146. Is s(-75) a composite number?
True
Let w be (-170834)/(-18) - 2 - 6/(-27). Is (w/(-6))/(4/(-8)) a prime number?
True
Let w(p) = p**2 + 5*p - 29. Suppose 0 = 4*r - 30 - 6. Is w(r) a composite number?
False
Let w be (-5)/1 + (-32)/(-2). Is 0 - w/((-55)/1905) a composite number?
True
Let h(y) = -23*y**3 + 2*y - 1. Let n be h(1). Let b = n - -18. Is (1/3)/(b/(-11292)) prime?
True
Let o(d) = 10*d**2 + 2*d. Let s be o(-2). Let t(q) = -45*q - 5*q - 5*q + s. Is t(-5) a composite number?
False
Is 7 + 16 - 37 - -4388521 a composite number?
False
Let b(j) = j**3 + 1 - 2*j - 12*j + 0*j + 0*j**3 + 5*j**2. Let f be b(-7). Is -93*((-20)/6 + f) prime?
False
Suppose -6*y + 7*y = 2298. Let a = y - -9739. Is a composite?
False
Let b = -2221 - -4832. Let x = -1488 + b. Is x a prime number?
True
Let w(n) = -250*n**3 - 7*n**2 - 13*n - 201. Is w(-7) a composite number?
False
Let l be 3260/(-8)*(-5)/((-50)/168). Let v = l - -39683. Is v a prime number?
False
Let i be (-24954)/(-33) + (-2)/11. Suppose 0 = 5*y - i + 146. Suppose -460 - y = -2*b. Is b a prime number?
False
Let q(h) = -3028*h + 2267. Is q(-54) composite?
False
Suppose -4*q = q - 2*o + 47, o = 2*q + 18. Let g = q - -168. Is g a composite number?
False
Let j = 6